the highest common divisor of 77 and 433939?
11
What is the highest common divisor of 7 and 11522?
7
Calculate the greatest common divisor of 24 and 37626.
6
Calculate the highest common factor of 3050 and 4.
2
Calculate the greatest common divisor of 368 and 80408.
184
What is the greatest common divisor of 346 and 739229?
173
Calculate the highest common divisor of 1650 and 12320.
110
Calculate the highest common factor of 19 and 134957.
19
What is the greatest common factor of 6863645 and 235?
235
Calculate the greatest common divisor of 201861 and 22.
11
Calculate the highest common divisor of 26367 and 11.
11
What is the greatest common divisor of 13110 and 82650?
570
What is the highest common divisor of 1672 and 384164?
44
Calculate the greatest common divisor of 20 and 1419624.
4
What is the highest common divisor of 252 and 2719332?
252
What is the highest common divisor of 183 and 11190999?
183
Calculate the greatest common divisor of 5796314 and 344.
86
Calculate the highest common factor of 79 and 187309.
79
What is the greatest common factor of 280469 and 11536?
721
What is the greatest common divisor of 1569 and 672?
3
What is the greatest common divisor of 2601 and 11403?
9
What is the greatest common factor of 212 and 59678?
106
Calculate the greatest common divisor of 34 and 628184.
34
What is the highest common divisor of 465 and 19685?
155
What is the greatest common factor of 40 and 2500?
20
Calculate the greatest common divisor of 30639 and 2688.
21
Calculate the highest common factor of 33 and 1756029.
33
What is the greatest common factor of 2545 and 244829?
509
What is the greatest common factor of 110 and 1038950?
110
Calculate the greatest common divisor of 1940 and 297984.
388
Calculate the greatest common divisor of 466598 and 46101.
1397
Calculate the greatest common divisor of 1309 and 18139.
187
Calculate the greatest common factor of 1156 and 9860.
68
What is the highest common divisor of 19044 and 89424?
828
What is the highest common factor of 1638497 and 161?
161
What is the greatest common factor of 1296 and 119880?
648
Calculate the greatest common divisor of 56521 and 29.
29
What is the greatest common divisor of 108 and 1456920?
108
Calculate the greatest common factor of 36 and 6908.
4
What is the greatest common factor of 53 and 178133?
53
Calculate the greatest common factor of 115 and 7855.
5
Calculate the highest common factor of 6248 and 1684617.
781
Calculate the greatest common factor of 59 and 329751.
59
What is the greatest common factor of 830 and 27058?
166
What is the highest common factor of 12987 and 234?
117
Calculate the highest common divisor of 44 and 21362.
22
What is the greatest common factor of 261668 and 152?
76
Calculate the highest common factor of 231768 and 609.
87
Calculate the greatest common factor of 48547 and 215.
43
What is the greatest common factor of 12 and 1854?
6
Calculate the greatest common divisor of 99162 and 2016.
126
What is the highest common factor of 9300 and 67797?
93
What is the highest common factor of 87 and 447?
3
Calculate the greatest common divisor of 995 and 1592.
199
Calculate the highest common divisor of 203 and 54491.
29
What is the highest common divisor of 69751 and 46252?
373
Calculate the greatest common factor of 391 and 2037593.
23
Calculate the greatest common factor of 196 and 6908.
4
Calculate the highest common divisor of 2492816 and 16.
16
What is the greatest common divisor of 7224640 and 64?
64
What is the greatest common factor of 174906 and 11376?
1422
What is the highest common divisor of 1633 and 575?
23
Calculate the greatest common factor of 12 and 5804052.
12
Calculate the greatest common divisor of 532 and 26676.
76
Calculate the greatest common divisor of 50 and 74150.
50
What is the highest common factor of 57 and 12103?
19
Calculate the highest common factor of 15795 and 6.
3
What is the greatest common divisor of 6054 and 414?
6
Calculate the greatest common factor of 2213882 and 5665.
1133
Calculate the highest common divisor of 18176 and 160176.
1136
What is the highest common factor of 95375 and 25?
25
What is the greatest common factor of 2613 and 42009?
201
What is the highest common factor of 4314268 and 112?
28
Calculate the highest common divisor of 70 and 26570.
10
What is the highest common divisor of 33050 and 5050?
50
Calculate the highest common divisor of 383 and 12696067.
383
Calculate the greatest common divisor of 20 and 13058750.
10
Calculate the greatest common factor of 955 and 1140270.
955
What is the greatest common factor of 1936 and 2068?
44
What is the highest common divisor of 20900 and 440?
220
What is the highest common factor of 107145 and 45?
45
Calculate the highest common divisor of 1680 and 566608.
112
Calculate the highest common factor of 82738 and 82.
82
What is the greatest common divisor of 1780 and 3699730?
890
Calculate the highest common divisor of 1872 and 216000.
144
Calculate the highest common divisor of 57 and 11278932.
57
What is the highest common divisor of 4046 and 13294?
578
What is the greatest common divisor of 26313 and 441?
147
What is the highest common divisor of 3168 and 575256?
264
Calculate the greatest common divisor of 22311 and 150147.
603
Calculate the greatest common divisor of 825 and 39105.
165
Calculate the greatest common factor of 156 and 988.
52
Calculate the highest common factor of 367317 and 9.
9
What is the greatest common factor of 165 and 1271292?
33
Calculate the highest common factor of 64 and 159136.
32
Calculate the greatest common divisor of 28 and 2499308.
28
Calculate the greatest common divisor of 15770 and 380.
190
What is the greatest common factor of 3753 and 59631?
417
Calculate the greatest common factor of 1012 and 2077636.
1012
What is the highest common divisor of 24338 and 65102?
86
Calculate the highest common factor of 57 and 133361.
19
Calculate the greatest common divisor of 1586 and 1228174.
122
What is the highest common divisor of 33 and 2374053?
33
What is the greatest common factor of 135 and 25155?
45
Calculate the highest common factor of 9092 and 4.
4
What is the highest common divisor of 1961 and 1739?
37
What is the highest common divisor of 141462 and 4698?
522
Calculate the greatest common factor of 510579 and 153.
9
Calculate the highest common factor of 48822 and 948.
474
What is the highest common divisor of 245 and 246274?
49
What is the highest common factor of 58032 and 52?
52
Calculate the greatest common factor of 98415 and 1485.
135
Calculate the greatest common divisor of 210322 and 742.
14
What is the highest common factor of 52098 and 40216?
914
What is the greatest common divisor of 207603 and 891?
891
Calculate the highest common divisor of 92792 and 1064.
56
Calculate the highest common divisor of 27 and 156951.
27
Calculate the highest common factor of 8 and 2012156.
4
What is the greatest common divisor of 42575 and 35632?
131
What is the highest common divisor of 5611 and 310?
31
Calculate the highest common divisor of 14 and 1889097.
7
What is the greatest common divisor of 1333443 and 41?
41
What is the highest common factor of 74 and 32190?
74
What is the highest common factor of 9399 and 2600?
13
Calculate the greatest common divisor of 5427 and 34773.
201
What is the highest common divisor of 1596 and 672?
84
Calculate the greatest common divisor of 1980 and 8100.
180
What is the highest common divisor of 220 and 200420?
220
What is the greatest common divisor of 927340 and 199?
199
Calculate the greatest common divisor of 103525 and 50.
25
What is the greatest common factor of 2436 and 1630293?
609
What is the highest common factor of 1935 and 6030?
45
Calculate the highest common divisor of 2121 and 5145.
21
Calculate the greatest common divisor of 5457 and 10272.
321
Calculate the highest common factor of 2015 and 8706815.
2015
Calculate the highest common factor of 240 and 1325640.
120
Calculate the greatest common divisor of 492 and 209346.
246
Calculate the highest common divisor of 636 and 2316.
12
What is the greatest common factor of 76 and 314222?
38
What is the greatest common factor of 1984 and 110016?
64
What is the highest common factor of 4774 and 647218?
682
What is the